 g be w(5). Suppose 19*b = g*b + 70. Let o = b + 14. What is r(o)?
12
Let a(i) = -i**2 - 9*i - 2. Let j(b) = -7*b**2 - 2. Suppose -3 = 23*r - 20*r. Let t be j(r). Calculate a(t).
-2
Suppose 0 = 3*t - 0 - 21. Let o(x) = -2*x**2 + 2*x + 43. Let h(d) = -d**2 + 24. Let b(j) = -5*h(j) + 3*o(j). Determine b(t).
2
Let q(t) = -76*t + 19. Let g(y) = 35*y - 9. Let u(v) = -13*g(v) - 6*q(v). Suppose 2*b - 1 = w - 2, 12 = 4*b. Let i = w + -7. Give u(i).
3
Let u(c) = -3*c**3 + 10*c**2 - 49*c + 14. Let b(n) = -5*n**3 + 16*n**2 - 73*n + 22. Let s(j) = 5*b(j) - 8*u(j). Determine s(5).
8
Let n(o) be the third derivative of 5*o**4/24 + 7*o**3/6 - 2070*o**2. Determine n(-2).
-3
Let u(v) = -2*v + 8. Let g(s) = s**3 + 8*s**2 + 8*s + 16. Suppose -3*o - o + 2*p - 26 = 0, p = o + 6. Let r be g(o). Determine u(r).
-10
Let b(c) = c**3 - 3*c**2 + c + 1. Let s be 165/44*(5 - 1) - 6. Suppose s*p = 33 - 15. Calculate b(p).
-1
Let g(r) = -5*r + 7. Let c(m) = -14*m + 51. Let a(t) = c(t) - g(t). Determine a(9).
-37
Let s(n) be the first derivative of n**4/4 - 11*n**3/3 + 5*n**2 + 7*n - 225. Calculate s(10).
7
Let s(z) = -10*z**2 - 85*z - 224. Let c(x) = -3*x**2 - 28*x - 70. Let k(p) = 7*c(p) - 2*s(p). Determine k(-2).
6
Let u(d) = 59*d + 34. Let v(i) = -30*i - 1. Let x(b) = u(b) + 2*v(b). Determine x(9).
23
Let x(z) be the third derivative of z**4/8 - 4*z**2. Let v(r) = -5*r**2 - r - 8 - r**3 - 1 + 3. Let w be v(-5). Calculate x(w).
-3
Let u(i) = 0*i + 2 + 2 + 2*i. Suppose 39 + 42 = -v + 78. What is u(v)?
-2
Let j(h) = -3*h**2 + 17*h - 9. Let g(x) = x**2 - 8*x + 5. Let p(s) = 5*g(s) + 2*j(s). Let k(n) = -11*n**2 + 18*n + 2. Let i be k(2). Give p(i).
7
Let v(l) = -14 + 4*l + 46 + l**2 - 21*l. Let a be v(15). Let r(j) = 2*j + 23. Let x(g) = g + 11. Let q(b) = a*r(b) - 5*x(b). Calculate q(-9).
0
Let k(n) = 10*n + 153. Let j = -414 - -399. Let p be k(j). Let y(l) = 2*l - 2. What is y(p)?
4
Let b(z) = 21*z + 46. Let s(t) = 37*t + 86. Let o(y) = -7*b(y) + 4*s(y). Calculate o(-14).
8
Let v = -71 + 84. Let p(x) = 32*x - 43*x + v*x - 9. Calculate p(7).
5
Let p(x) = -5*x - x**2 - 5*x + 9*x - 6*x + 18*x. Determine p(9).
18
Suppose 2*p + 3 = j, 4*j - 24 = j + 3*p. Let i(g) = 2145*g - 1 - 2144*g + j. Determine i(-8).
4
Let g = -146 + 151. Let j(u) = 8*u - 11. Let d(a) = -18*a + 22. Let h(w) = -2*d(w) - 5*j(w). Give h(g).
-9
Let d(q) = -2*q + 51*q**2 - 106*q**2 + 53*q**2. Let k(t) be the second derivative of -t**3/6 + 3*t. Let f be k(-3). Calculate d(f).
-24
Let a(v) = -3*v + 7 + 38 + 0 - 9. Calculate a(5).
21
Let b(h) = -117 + 4*h + 60 + 4*h. Let u be b(8). Let t(d) = -2*d + 2 + 1 + 9 - u. Calculate t(-7).
19
Suppose 187 = 5*d + 4*y, 2*d - 25 = -5*y + 43. Let p = -34 + d. Let m(g) = 8 + 6*g**2 - 7*g**2 - 5*g - 1 - p. Give m(-4).
6
Let p(u) be the third derivative of u**5/20 + 5*u**4/3 - u**3/2 + u**2 - 281*u + 1. Give p(-14).
25
Let b(j) = 8732*j - 14 - 17463*j + 8734*j. Calculate b(6).
4
Let n(k) = -k**2 - 2*k - 3. Let t(o) = 5*o**2 + o + 2. Let d(w) = 4*w**2 + 2*w + 3. Let x(f) = -3*d(f) + 2*t(f). Let m(h) = 5*n(h) - 3*x(h). Calculate m(-3).
3
Suppose 112 = 4*v - 2*r, 3*r = 5*v - 2*r - 140. Suppose -25*c = -v*c + 42. Let d(h) = h + 7 - 11 + c. Determine d(-5).
5
Let h(r) = r**2. Let u be h(-2). Let v(w) be the third derivative of 5*w**4/24 - 5*w**3/3 - 19114*w**2. Give v(u).
10
Let a(h) = 14 + 11 + 22 - 3*h**2 - 42. Calculate a(-5).
-70
Let r(c) = -c - 30. Let l be (-182)/156 + 346/(-12). Determine r(l).
0
Suppose 4 = -4*t, -2*h - 4*t - 9 = -21. Suppose h = 3*c + 2. Let o(x) = 0*x**c + x - 2*x**2 + 3*x**2 - 7. Calculate o(5).
23
Let x(w) = w + 1. Let k be (-6)/6 + (-21)/(-1). Suppose 0 = 3*m - 8 - 4, -5*m = -5*r - k. Let z(s) = s**2 - 3*s - 1. Let j be z(r). Determine x(j).
0
Let g(h) = -7*h**2 + 48*h + 411. Let a(d) = 22*d**2 - 150*d - 1318. Let o(z) = 5*a(z) + 16*g(z). Suppose 0*p + 24 = 3*p. Give o(p).
2
Let h(q) = -7*q**2 - 16*q - 22. Let k(l) = -17*l**2 - 35*l - 44. Let o(j) = 5*h(j) - 2*k(j). Determine o(-3).
-1
Let g(t) be the second derivative of -2 - 2/3*t**3 + 2/3*t**4 + 1/20*t**5 - 11/2*t**2 + 54*t. Determine g(-8).
21
Suppose x + 2*o - 7 = -0*x, -5*x = -4*o + 21. Let h be (18/(-27))/(x/9). Let i(c) = -6 - h*c + 7 + 2 + 0 - c**2. Calculate i(-7).
-4
Let r(q) = -q**2 + 8*q - 14. Let u be r(5). Let k(i) = u + 15*i + 1 + 3 - 16*i. Determine k(5).
0
Suppose a = -4*a + 510. Let x = -85 + a. Let m(d) = -4*d**2 - x*d - 5 + 3*d**2 + 35*d - 17*d. Determine m(0).
-5
Let o = 14955 - 14918. Let r(i) = -i**3 + 37*i**2 + 5*i - 178. Determine r(o).
7
Let f = 409 - 403. Suppose -23*y - f*y = 29. Let a(b) = -4*b**3 - b**2 - b - 1. Calculate a(y).
3
Suppose 26 = v + 4*p, 7*p = 3*p + 12. Let d(o) = -o - 6. Let q be d(0). Let u = q + v. Let b(j) = 2*j - 7. What is b(u)?
9
Suppose -5*d + 572 = -p, 5*d - 578 = -p - 0*p. Let s(b) = -11 - d*b**2 - 120*b**2 + b + 234*b**2. Let m(a) = a**3 - 4*a**2 - 5*a. Let r be m(5). Calculate s(r).
-11
Let d(c) = c - 7. Let x(t) = -3*t + 22. Let v = 65 + -51. Suppose -v = -3*k + 2*o, 5 = 2*k - 5*o + 3. Let f(w) = k*x(w) + 17*d(w). What is f(11)?
2
Let i(s) = -s**3 - 3*s**2 + 2*s - 10. Suppose 5*l - 5*w - 9 = -14, -9*l - 4*w - 74 = 0. Give i(l).
86
Let i(o) be the second derivative of o**5/20 + 3*o**4/4 - 11*o**3/3 - 10*o**2 - 2096*o. Calculate i(-11).
-20
Let p(m) = 3*m**3 + 56*m**2 + 37*m + 19. Let a = 468 + -486. Let n be p(a). Let d(w) = -4*w**2 - 1. Determine d(n).
-5
Suppose 5*r = -2*t - 20, -t + 12 = -18*r + 15*r. Let q(o) = o**2 + 7*o + 12. Calculate q(r).
0
Let p(k) = -3 - k - 4*k - 3. Let o = 95589 + -95583. Determine p(o).
-36
Let u(v) be the first derivative of v**4/4 - 37*v**3/3 + 35*v**2/2 + 24*v + 4183. Determine u(36).
-12
Let w(c) = c**2 + 8*c + 7. Let u be w(9). Let q(r) = u - 84 - r - 82. Determine q(-8).
2
Let z(j) = -j**2 - 8*j - 2. Let x(y) = 8*y**2 - 20*y - 5. Let h(v) = -3*x(v) + 7*z(v). What is h(-1)?
-34
Let s(f) be the first derivative of f**4/2 + 97*f**3/3 + 47*f**2/2 - 53*f - 8165. Give s(-48).
-5
Let b(q) = q + 9. Suppose 3*s = 71 - 62. Suppose 336 = -4*z - u - s*u, 2*z = 5*u - 147. Let n = z - -81. Give b(n).
9
Let p = 6888 - 6862. Let d(c) = 2*c - 87. Give d(p).
-35
Let d = 181 - 83. Let h(w) = d - 53 - w**3 + w**2 + w - 44. Let f be (-72)/(-42) + (-2)/(-7). Calculate h(f).
-1
Let f(l) = -3*l**2 + 7*l - 8. Let i(j) = -6*j**2 + 16*j - 18. Let p(r) = 13*f(r) - 6*i(r). Let q(w) = 2*w. Let n(y) = p(y) + 5*q(y). What is n(4)?
-24
Let s be (-6*10/(-25))/((-6)/15). Let f(j) = -10 - 8 - 9 + 4*j**2 + 20 + 4*j. Let t(o) = -3*o**2 - 4*o + 6. Let c(n) = -2*f(n) - 3*t(n). What is c(s)?
8
Let l(z) = -11*z + 22. Let n(m) = -16*m + 19. Let a(k) = 47*k - 58. Let q(f) = -3*a(f) - 8*n(f). Let y(b) = -5*l(b) + 4*q(b). Determine y(5).
-7
Let q(w) = w**3 + 9*w**2 + 7*w - 6. Let a be (-1 - 3*-2)/((-12)/744). Let n = a + 302. What is q(n)?
2
Let c(k) = -k - 5. Let o(x) = -9*x - 63. Let a = 67 + -75. Let i be o(a). Give c(i).
-14
Suppose 9 = 2*t - 1, f = 2*t - 21. Let r(y) = 2*y**2 + 19*y - 30. Give r(f).
3
Suppose -3*a + 9*u - 41 = 7*u, 0 = 3*a - 3*u + 42. Let x(y) = -1 + 9*y + y**3 + 4*y + 21*y**2 - 7*y**2. Determine x(a).
-1
Let g(a) = 6*a - 97. Suppose 151*d - 1992 - 575 = 0. Calculate g(d).
5
Let r(y) = 2*y**2 - 6*y + 1. Suppose -1931 - 4159 = -30*t. Let q = 207 - t. Determine r(q).
9
Suppose -145*n - 1414 = -8*n + 641. Let i(p) = -p**2 - 17*p - 46. Calculate i(n).
-16
Let p(d) = -11*d + 18. Let m be p(2). Let v(w) = -w**2 - 2*w + 5. Let r(o) = 4*o - 13*o + 26 - 8 + 7 - 5*o**2. Let u(k) = 2*r(k) - 11*v(k). Determine u(m).
-5
Let s = 40 + -36. Let l be s/(-1 + (-3)/(-1)). Let c be (-1 + l)*0/(7 - 4). Let n(a) = -a + 6. What is n(c)?
6
Let j(k) = -k + 953*k**3 - 9*k**2 + 947*k**3 + 17 + 3*k**2 - 1899*k**3. Calculate j(5).
-13
Let w(z) = -60*z - 2. Let v(i) = 15*i - 5. Let p(s) = -11*v(s) - 3*w(s). What is p(-4)?
1
Let k(l) = l**2 - 5*l + 1. Let n be k(6). Suppose -5*y - 3 = n. Let t(x) = -450960*x + 901917*x - 3 - 450961*x. Determine t(y).
5
Let n(i) = -9*i - 8. Let a(q) = -4*q - 3. Let c(r) = -3*a(r) + n(r). Calculate c(-4).
-11
Let u(g) be the first derivative of -g**3/3 + 8*g**2 - 34*g - 2871. Calculate u(13).
5
Let a(r) = r**3 - 4*r**2 + 5*r - 2. Suppose 5*f - 23 = -p, -24*f + 25*f - p - 1 = 0. Give a(f).
18
Let m(y) = -6*y**3 - 14*y**2 + 2*y + 7.